 is the highest common divisor of 1561014 and 189?
63
What is the greatest common divisor of 75 and 478070350?
25
Calculate the highest common factor of 18661261 and 2798.
1399
What is the highest common factor of 4419219 and 8285?
1657
What is the highest common divisor of 7358 and 21305938?
566
Calculate the greatest common divisor of 895909 and 1816577.
917
Calculate the greatest common divisor of 6416 and 10572365.
401
Calculate the greatest common factor of 317674620 and 40.
20
Calculate the greatest common factor of 28660 and 551229244.
5732
Calculate the greatest common factor of 226 and 272215983.
113
Calculate the highest common factor of 40355046 and 846.
846
Calculate the greatest common divisor of 13231 and 9292.
101
What is the greatest common factor of 238716 and 294556?
1396
What is the greatest common factor of 31246 and 31433?
17
Calculate the highest common factor of 9013420 and 2080.
260
What is the greatest common divisor of 9570317 and 1?
1
What is the greatest common factor of 778812 and 116?
4
What is the greatest common factor of 11060 and 1297180?
1580
Calculate the highest common factor of 362939436 and 387.
387
What is the highest common factor of 136748885 and 16653?
5551
What is the highest common factor of 25523842 and 2?
2
What is the highest common factor of 20295 and 9449?
11
Calculate the highest common factor of 844173 and 2430.
9
Calculate the greatest common divisor of 3301315 and 235.
5
What is the greatest common factor of 19574886 and 46?
46
What is the greatest common factor of 17401383 and 3421?
311
What is the greatest common factor of 210 and 14541990?
30
Calculate the greatest common divisor of 2282 and 180209866.
326
Calculate the greatest common divisor of 1832 and 7453034.
458
Calculate the highest common divisor of 159937155 and 3990.
1995
What is the highest common factor of 1659 and 623490?
21
Calculate the greatest common factor of 9290950 and 150.
50
Calculate the highest common divisor of 9629355 and 85440.
1335
What is the greatest common factor of 340784955 and 105?
105
What is the greatest common divisor of 25630 and 32439?
11
Calculate the highest common factor of 1685417 and 6347.
577
What is the greatest common divisor of 143808 and 219968?
448
What is the highest common divisor of 79515486 and 9?
9
Calculate the greatest common divisor of 31862 and 16554.
178
Calculate the highest common factor of 198318966 and 744.
186
Calculate the greatest common factor of 2049080 and 120.
40
Calculate the highest common factor of 25324 and 157729.
13
What is the greatest common divisor of 19 and 1687884?
19
What is the greatest common factor of 2359 and 57823808?
2359
Calculate the greatest common divisor of 722387796 and 3692.
3692
What is the highest common factor of 17472 and 1270164?
84
Calculate the highest common divisor of 344876112 and 148.
148
Calculate the highest common factor of 747966075 and 1230.
615
What is the greatest common divisor of 302874 and 660?
66
Calculate the greatest common divisor of 55777200 and 43725.
3975
Calculate the highest common factor of 1255395 and 2460.
15
What is the highest common factor of 6806 and 7873878?
166
What is the greatest common factor of 37444 and 79856?
92
What is the highest common divisor of 393844110 and 150?
30
Calculate the highest common factor of 95908767 and 447.
447
Calculate the highest common factor of 17300 and 38004.
4
Calculate the highest common divisor of 5848 and 2712741.
731
Calculate the highest common factor of 30 and 218703885.
15
What is the greatest common divisor of 44850076 and 8?
4
What is the highest common divisor of 3766467 and 9?
3
What is the greatest common factor of 40813569 and 93081?
4899
Calculate the highest common factor of 18619 and 104834.
43
What is the greatest common divisor of 15777249 and 2832?
177
Calculate the greatest common divisor of 322 and 99883250.
46
What is the greatest common divisor of 579989094 and 4722?
4722
What is the greatest common divisor of 65205 and 245?
35
Calculate the highest common factor of 5900076 and 2184.
1092
Calculate the greatest common divisor of 884 and 127202426.
26
What is the greatest common divisor of 66052 and 160216?
28
Calculate the highest common factor of 25270 and 10194170.
70
What is the greatest common divisor of 29215464 and 5688?
1896
What is the highest common divisor of 43606794 and 49728?
1554
Calculate the highest common divisor of 595 and 25509435.
595
What is the highest common divisor of 4365741 and 32953?
1063
Calculate the greatest common factor of 66075 and 814665105.
13215
Calculate the greatest common divisor of 55790766 and 67.
67
What is the highest common divisor of 105621 and 22219?
17
Calculate the highest common divisor of 67966416 and 2709.
63
Calculate the highest common divisor of 9682 and 349774.
94
Calculate the greatest common divisor of 1224756 and 20.
4
Calculate the greatest common divisor of 215600 and 4326025.
275
Calculate the greatest common divisor of 735 and 1443690.
15
Calculate the greatest common factor of 8200 and 26489608.
328
What is the highest common factor of 2493771 and 2919?
21
What is the highest common factor of 11379275 and 225?
25
What is the highest common factor of 616854 and 10887?
57
What is the highest common factor of 1356 and 20683407?
339
What is the greatest common divisor of 4482 and 556930?
166
Calculate the greatest common divisor of 231 and 28966113.
33
What is the highest common divisor of 465 and 65397135?
465
Calculate the highest common divisor of 170184 and 3752.
56
What is the greatest common factor of 1561327 and 23501?
331
What is the greatest common factor of 727481 and 8551?
17
Calculate the highest common factor of 174 and 16767974.
58
Calculate the highest common divisor of 145090 and 1430.
110
What is the greatest common factor of 15 and 43009485?
15
What is the highest common divisor of 221 and 8409067?
17
What is the highest common factor of 50130 and 45060?
30
Calculate the highest common divisor of 2142 and 10933209.
63
Calculate the highest common divisor of 9784040 and 406686.
5894
What is the greatest common divisor of 816031 and 4408?
551
Calculate the highest common factor of 19375705 and 5.
5
Calculate the highest common factor of 1732010 and 499400.
2270
What is the highest common divisor of 1361197 and 1?
1
What is the greatest common factor of 54 and 67813398?
18
What is the highest common divisor of 151 and 834815731?
151
Calculate the greatest common divisor of 12822 and 29130.
6
What is the highest common divisor of 696059528 and 19?
19
What is the greatest common factor of 114575268 and 15915?
3183
What is the greatest common divisor of 159 and 180144?
3
Calculate the greatest common divisor of 14368 and 41728.
32
What is the highest common factor of 4761 and 16677?
9
What is the highest common factor of 421797 and 35466?
69
Calculate the greatest common factor of 54 and 62096346.
18
What is the greatest common divisor of 15138732 and 61372?
916
What is the greatest common factor of 13872 and 10705716?
3468
What is the greatest common divisor of 1223743 and 5123?
109
Calculate the greatest common factor of 206531 and 9360.
13
What is the greatest common factor of 195900 and 42150?
150
Calculate the highest common factor of 109052 and 4378.
398
What is the highest common divisor of 7305 and 23432005?
2435
What is the greatest common factor of 5430 and 308779665?
2715
What is the highest common divisor of 254847 and 1065413?
263
What is the highest common divisor of 476245 and 514360?
385
Calculate the highest common divisor of 21512100 and 600.
300
Calculate the highest common divisor of 24475248 and 672.
336
What is the highest common divisor of 66 and 322010733?
33
What is the highest common factor of 54031474 and 34?
34
What is the highest common factor of 8184810 and 34?
2
What is the highest common divisor of 56 and 172318968?
8
Calculate the greatest common divisor of 8880 and 1208160.
240
Calculate the greatest common factor of 1485 and 3241215.
135
Calculate the greatest common factor of 66349013 and 145.
29
What is the greatest common divisor of 978 and 25060598?
326
Calculate the highest common factor of 17383326 and 47.
47
What is the greatest comm